{"id":340,"date":"2021-09-16T10:18:32","date_gmt":"2021-09-16T08:18:32","guid":{"rendered":"https:\/\/www.aspenat.es\/tienda\/?post_type=product&#038;p=340"},"modified":"2022-11-23T13:41:50","modified_gmt":"2022-11-23T12:41:50","slug":"baby-mix-c-r-20-kg","status":"publish","type":"product","link":"https:\/\/www.aspenat.es\/tienda\/productos\/baby-mix-c-r-20-kg\/","title":{"rendered":"Baby Mix C.R. 20 Kg"},"content":{"rendered":"","protected":false},"excerpt":{"rendered":"<p>Pienso para cabritos y corderos en las primeras fases de vida.<\/p>\n<p>Estimulaci\u00f3n de una transformaci\u00f3n muy acelerada del animal monog\u00e1strico a rumiante.<\/p>\n","protected":false},"featured_media":0,"template":"","meta":[],"class_list":["post-340","product","type-product","status-publish","hentry","product_cat-leches-y-piensos-1a-edad"],"_links":{"self":[{"href":"https:\/\/www.aspenat.es\/tienda\/wp-json\/wp\/v2\/product\/340","targetHints":{"allow":["GET"]}}],"collection":[{"href":"https:\/\/www.aspenat.es\/tienda\/wp-json\/wp\/v2\/product"}],"about":[{"href":"https:\/\/www.aspenat.es\/tienda\/wp-json\/wp\/v2\/types\/product"}],"wp:attachment":[{"href":"https:\/\/www.aspenat.es\/tienda\/wp-json\/wp\/v2\/media?parent=340"}],"curies":[{"name":"wp","href":"https:\/\/api.w.org\/{rel}","templated":true}]}}